{"id":577,"date":"2023-11-30T14:22:09","date_gmt":"2023-11-30T13:22:09","guid":{"rendered":"https:\/\/www.anavoyantemedium.com\/?post_type=product&#038;p=577"},"modified":"2023-12-03T09:41:10","modified_gmt":"2023-12-03T08:41:10","slug":"la-totale","status":"publish","type":"product","link":"https:\/\/www.anavoyantemedium.com\/?product=la-totale","title":{"rendered":"La Totale"},"content":{"rendered":"<div><a href=\"https:\/\/www.anavoyantemedium.com\/wp-content\/uploads\/2023\/11\/La-Totale-Voyance-a-80E-h.jpg\"><img loading=\"lazy\" decoding=\"async\" class=\"alignnone size-medium wp-image-589\" src=\"https:\/\/www.anavoyantemedium.com\/wp-content\/uploads\/2023\/11\/La-Totale-Voyance-a-80E-h-300x225.jpg\" alt=\"\" width=\"300\" height=\"225\" srcset=\"https:\/\/www.anavoyantemedium.com\/wp-content\/uploads\/2023\/11\/La-Totale-Voyance-a-80E-h-300x225.jpg 300w, https:\/\/www.anavoyantemedium.com\/wp-content\/uploads\/2023\/11\/La-Totale-Voyance-a-80E-h-768x576.jpg 768w, https:\/\/www.anavoyantemedium.com\/wp-content\/uploads\/2023\/11\/La-Totale-Voyance-a-80E-h-600x450.jpg 600w, https:\/\/www.anavoyantemedium.com\/wp-content\/uploads\/2023\/11\/La-Totale-Voyance-a-80E-h.jpg 1024w\" sizes=\"auto, (max-width: 300px) 100vw, 300px\" \/><\/a><\/div>\n<div><\/div>\n<div>Voyance, accompagnement personnalis\u00e9.<\/div>\n<div>Pratique en num\u00e9rologie \u00e0 partir de votre pr\u00e9nom + initiale du Nom du p\u00e8re + votre date de naissance.<\/div>\n<div>\u00a0Dur\u00e9e <u>60 min.<\/u><\/div>\n<div><u>80 \u20ac\u00a0<\/u><\/div>\n","protected":false},"excerpt":{"rendered":"<div><\/div>\n<div><a href=\"https:\/\/www.anavoyantemedium.com\/wp-content\/uploads\/2023\/11\/La-Totale-Voyance-a-80E-h.jpg\"><img loading=\"lazy\" decoding=\"async\" class=\"alignnone size-medium wp-image-589\" src=\"https:\/\/www.anavoyantemedium.com\/wp-content\/uploads\/2023\/11\/La-Totale-Voyance-a-80E-h-300x225.jpg\" alt=\"\" width=\"300\" height=\"225\" srcset=\"https:\/\/www.anavoyantemedium.com\/wp-content\/uploads\/2023\/11\/La-Totale-Voyance-a-80E-h-300x225.jpg 300w, https:\/\/www.anavoyantemedium.com\/wp-content\/uploads\/2023\/11\/La-Totale-Voyance-a-80E-h-768x576.jpg 768w, https:\/\/www.anavoyantemedium.com\/wp-content\/uploads\/2023\/11\/La-Totale-Voyance-a-80E-h-600x450.jpg 600w, https:\/\/www.anavoyantemedium.com\/wp-content\/uploads\/2023\/11\/La-Totale-Voyance-a-80E-h.jpg 1024w\" sizes=\"auto, (max-width: 300px) 100vw, 300px\" \/><\/a><\/div>\n<div>Voyance, accompagnement personnalis\u00e9.<\/div>\n<div>Pratique en num\u00e9rologie \u00e0 partir de votre pr\u00e9nom + initiale du Nom du p\u00e8re + date de naissance.<\/div>\n<div>\u00a0Dur\u00e9e <u>60 min.<\/u><\/div>\n<div><u>80 \u20ac\u00a0<\/u><\/div>\n","protected":false},"featured_media":589,"comment_status":"open","ping_status":"closed","template":"","meta":[],"product_brand":[],"product_cat":[59],"product_tag":[],"class_list":{"0":"post-577","1":"product","2":"type-product","3":"status-publish","4":"has-post-thumbnail","6":"product_cat-voyance","8":"first","9":"instock","10":"virtual","11":"purchasable","12":"product-type-simple"},"_links":{"self":[{"href":"https:\/\/www.anavoyantemedium.com\/index.php?rest_route=\/wp\/v2\/product\/577","targetHints":{"allow":["GET"]}}],"collection":[{"href":"https:\/\/www.anavoyantemedium.com\/index.php?rest_route=\/wp\/v2\/product"}],"about":[{"href":"https:\/\/www.anavoyantemedium.com\/index.php?rest_route=\/wp\/v2\/types\/product"}],"replies":[{"embeddable":true,"href":"https:\/\/www.anavoyantemedium.com\/index.php?rest_route=%2Fwp%2Fv2%2Fcomments&post=577"}],"wp:featuredmedia":[{"embeddable":true,"href":"https:\/\/www.anavoyantemedium.com\/index.php?rest_route=\/wp\/v2\/media\/589"}],"wp:attachment":[{"href":"https:\/\/www.anavoyantemedium.com\/index.php?rest_route=%2Fwp%2Fv2%2Fmedia&parent=577"}],"wp:term":[{"taxonomy":"product_brand","embeddable":true,"href":"https:\/\/www.anavoyantemedium.com\/index.php?rest_route=%2Fwp%2Fv2%2Fproduct_brand&post=577"},{"taxonomy":"product_cat","embeddable":true,"href":"https:\/\/www.anavoyantemedium.com\/index.php?rest_route=%2Fwp%2Fv2%2Fproduct_cat&post=577"},{"taxonomy":"product_tag","embeddable":true,"href":"https:\/\/www.anavoyantemedium.com\/index.php?rest_route=%2Fwp%2Fv2%2Fproduct_tag&post=577"}],"curies":[{"name":"wp","href":"https:\/\/api.w.org\/{rel}","templated":true}]}}